{"id":22,"date":"2020-01-11T20:37:21","date_gmt":"2020-01-11T20:37:21","guid":{"rendered":"http:\/\/strolchi.ing-wacker.de\/?page_id=22"},"modified":"2020-01-11T20:37:21","modified_gmt":"2020-01-11T20:37:21","slug":"wie-wir-helfen","status":"publish","type":"page","link":"https:\/\/strolchi-tierhilfe.de\/?page_id=22","title":{"rendered":"Wie wir helfen"},"content":{"rendered":"\n<ul class=\"wp-block-list\"><li>durch Futterspenden f\u00fcr Streunertiere an Menschen, die sich privat um notleidende Haustiere k\u00fcmmern<\/li><li>durch die \u00dcbernahme von Tierarztkosten f\u00fcr Behandlungen, Impfungen, Kastrationen von herrenlosen Tieren<\/li><li>durch die Vermittlung von Tieren an Tierhalter und die Organsiation des Transports<\/li><li>durch tatkr\u00e4ftige Mitarbeitern an Tierschutzprojekten in Europa<\/li><\/ul>\n","protected":false},"excerpt":{"rendered":"<p>durch Futterspenden f\u00fcr Streunertiere an Menschen, die sich privat um notleidende Haustiere k\u00fcmmern durch die \u00dcbernahme von Tierarztkosten f\u00fcr Behandlungen, Impfungen, Kastrationen von herrenlosen Tieren durch die Vermittlung von Tieren an Tierhalter und die Organsiation des Transports durch tatkr\u00e4ftige Mitarbeitern an Tierschutzprojekten in Europa<\/p>\n","protected":false},"author":1,"featured_media":0,"parent":0,"menu_order":0,"comment_status":"closed","ping_status":"closed","template":"","meta":{"footnotes":""},"class_list":["post-22","page","type-page","status-publish","hentry"],"_links":{"self":[{"href":"https:\/\/strolchi-tierhilfe.de\/index.php?rest_route=\/wp\/v2\/pages\/22","targetHints":{"allow":["GET"]}}],"collection":[{"href":"https:\/\/strolchi-tierhilfe.de\/index.php?rest_route=\/wp\/v2\/pages"}],"about":[{"href":"https:\/\/strolchi-tierhilfe.de\/index.php?rest_route=\/wp\/v2\/types\/page"}],"author":[{"embeddable":true,"href":"https:\/\/strolchi-tierhilfe.de\/index.php?rest_route=\/wp\/v2\/users\/1"}],"replies":[{"embeddable":true,"href":"https:\/\/strolchi-tierhilfe.de\/index.php?rest_route=%2Fwp%2Fv2%2Fcomments&post=22"}],"version-history":[{"count":1,"href":"https:\/\/strolchi-tierhilfe.de\/index.php?rest_route=\/wp\/v2\/pages\/22\/revisions"}],"predecessor-version":[{"id":23,"href":"https:\/\/strolchi-tierhilfe.de\/index.php?rest_route=\/wp\/v2\/pages\/22\/revisions\/23"}],"wp:attachment":[{"href":"https:\/\/strolchi-tierhilfe.de\/index.php?rest_route=%2Fwp%2Fv2%2Fmedia&parent=22"}],"curies":[{"name":"wp","href":"https:\/\/api.w.org\/{rel}","templated":true}]}}